is the ten thousands digit of 253156137?
5
What is the hundreds digit of 46839531?
5
What is the hundred millions digit of 888438098?
8
What is the millions digit of 827690088?
7
What is the hundred thousands digit of 73528189?
5
What is the ten thousands digit of 182565538?
6
What is the ten thousands digit of 2181348982?
4
What is the ten millions digit of 140523278?
4
What is the tens digit of 9997413?
1
What is the units digit of 42299584?
4
What is the thousands digit of 20643636?
3
What is the millions digit of 60480303?
0
What is the ten thousands digit of 36131686?
3
What is the units digit of 247310275?
5
What is the tens digit of 6869417659?
5
What is the hundreds digit of 2002342680?
6
What is the hundreds digit of 978165993?
9
What is the tens digit of 2728536225?
2
What is the hundred thousands digit of 1935730850?
7
What is the thousands digit of 826830697?
0
What is the hundreds digit of 13154720?
7
What is the millions digit of 10092196?
0
What is the ten thousands digit of 135656445?
5
What is the thousands digit of 359910646?
0
What is the hundreds digit of 3692925367?
3
What is the hundred thousands digit of 17083345?
0
What is the units digit of 20447374?
4
What is the hundred millions digit of 374831768?
3
What is the hundreds digit of 242324795?
7
What is the millions digit of 8656028?
8
What is the hundreds digit of 56390443?
4
What is the hundred thousands digit of 1835010530?
0
What is the millions digit of 42653683?
2
What is the hundred thousands digit of 1428956082?
9
What is the ten millions digit of 93653005?
9
What is the thousands digit of 18146037?
6
What is the ten thousands digit of 164466557?
6
What is the ten millions digit of 210012616?
1
What is the tens digit of 31375799?
9
What is the hundreds digit of 8941016?
0
What is the tens digit of 34011284?
8
What is the hundred millions digit of 332590082?
3
What is the thousands digit of 1108409292?
9
What is the tens digit of 25260511?
1
What is the billions digit of 2302706147?
2
What is the millions digit of 252700865?
2
What is the hundred thousands digit of 11633944?
6
What is the hundreds digit of 365089712?
7
What is the hundred millions digit of 103949143?
1
What is the ten thousands digit of 21389777?
8
What is the units digit of 371065389?
9
What is the billions digit of 2177469962?
2
What is the hundred thousands digit of 1488435648?
4
What is the tens digit of 173242718?
1
What is the thousands digit of 1353097285?
7
What is the hundred thousands digit of 8774250632?
2
What is the millions digit of 17368235?
7
What is the ten thousands digit of 1290342543?
4
What is the thousands digit of 1692452682?
2
What is the hundred millions digit of 3275408474?
2
What is the units digit of 2452093?
3
What is the hundred millions digit of 472477827?
4
What is the hundreds digit of 1585897543?
5
What is the ten millions digit of 355100921?
5
What is the ten thousands digit of 70069941?
6
What is the millions digit of 10534604?
0
What is the ten millions digit of 89224204?
8
What is the millions digit of 45726071?
5
What is the ten millions digit of 3384872755?
8
What is the ten millions digit of 13658699?
1
What is the millions digit of 286854792?
6
What is the ten thousands digit of 38579476?
7
What is the thousands digit of 2533363224?
3
What is the units digit of 587302728?
8
What is the hundreds digit of 439551605?
6
What is the millions digit of 128426159?
8
What is the hundreds digit of 3136380372?
3
What is the thousands digit of 6281996?
1
What is the millions digit of 13804246?
3
What is the ten thousands digit of 24663631?
6
What is the tens digit of 4462881223?
2
What is the ten millions digit of 1089831661?
8
What is the ten thousands digit of 592142993?
4
What is the hundred millions digit of 1014793188?
0
What is the hundred millions digit of 701793946?
7
What is the thousands digit of 247503653?
3
What is the ten millions digit of 35439509?
3
What is the thousands digit of 34665612?
5
What is the hundreds digit of 762065?
0
What is the tens digit of 1959552137?
3
What is the hundreds digit of 1048668501?
5
What is the hundred thousands digit of 319551206?
5
What is the millions digit of 688284706?
8
What is the hundred millions digit of 8954792961?
9
What is the tens digit of 115787082?
8
What is the units digit of 3043620068?
8
What is the billions digit of 1098044417?
1
What is the ten millions digit of 261527666?
6
What is the hundred thousands digit of 1347296347?
2
What is the hundred thousands digit of 1059805359?
8
What is the hundreds digit of 539465519?
5
What is the ten millions digit of 3683039825?
8
What is the hundred millions digit of 144247536?
1
What is the hundreds digit of 425410179?
1
What is the tens digit of 1264984385?
8
What is the hundreds digit of 80844?
8
What is the tens digit of 3802863702?
0
What is the ten millions digit of 89586899?
8
What is the millions digit of 463646833?
3
What is the thousands digit of 136061827?
1
What is the hundred thousands digit of 119648192?
6
What is the hundred thousands digit of 602079026?
0
What is the hundred thousands digit of 210450421?
4
What is the hundred millions digit of 599151303?
5
What is the units digit of 56025117?
7
What is the units digit of 110549825?
5
What is the hundreds digit of 4835917514?
5
What is the millions digit of 9513324?
9
What is the hundred thousands digit of 118821507?
8
What is the units digit of 592357354?
4
What is the thousands digit of 28604277?
4
What is the units digit of 10806212?
2
What is the tens digit of 8036912820?
2
What is the units digit of 1201084272?
2
What is the hundred thousands digit of 151046761?
0
What is the ten thousands digit of 100964443?
6
What is the thousands digit of 1630187530?
7
What is the ten thousands digit of 179289645?
8
What is the millions digit of 700783957?
0
What is the ten thousands digit of 88984703?
8
What is the hundreds digit of 1657587310?
3
What is the hundreds digit of 2028211478?
4
What is the hundred millions digit of 5404652103?
4
What is the hundred millions digit of 191594026?
1
What is the hundred thousands digit of 1434851155?
8
What is the ten millions digit of 75450199?
7
What is the millions digit of 25333343?
5
What is the ten millions digit of 155509827?
5
What is the tens digit of 47875023?
2
What is the hundred millions digit of 5107526445?
1
What is the thousands digit of 42597752?
7
What is the hundred thousands digit of 41532331?
5
What is the hundred thousands digit of 94140469?
1
What is the ten thousands digit of 108864729?
6
What is the hundreds digit of 34905024?
0
What is the tens digit of 1041152924?
2
What is the ten thousands digit of 3264788866?
8
What is the ten thousands digit of 27058216?
5
What is the ten millions digit of 1847298184?
4
What is the ten thousands digit of 54504007?
0
What is the ten thousands digit of 68433566?
3
What is the thousands digit of 35223893?
3
What is the ten thousands digit of 180506930?
0
What is the ten thousands digit of 27558?
2
What is the ten millions digit of 126973685?
2
What is the ten millions digit of 248781882?
4
What is the hundred millions digit of 318163556?
3
What is the ten millions digit of 81055248?
8
What is the thousands digit of 682659711?
9
What is the millions digit of 489773385?
9
What is the ten thousands digit of 408886467?
8
What is the millions digit of 1504356746?
4
What is the hundreds digit of 67892927?
9
What is the ten thousands digit of 64776268?
7
What is the ten millions digit of 907088266?
0
What is the thousands digit of 1286113740?
3
What is the ten millions digit of 4322129651?
2
What is the billions digit of 6126652133?
6
What is the millions digit of 13878854?
3
What is the hundred millions digit of 161972879?
1
What is the hundred thousands digit of 47377996?
3
What is the thousands digit of 969619206?
9
What is the millions digit of 78311646?
8
What is the ten millions digit of 48317145?
4
What is the ten thousands digit of 2006192557?
9
What is the units digit of 36735962?
2
What is the millions digit of 1833285?
1
What is the units digit of 2412722005?
5
What is the ten thousands digit of 136348047?
4
What is the hundred thousands digit of 2068275306?
2
What is the thousands digit of 802879